at is 10010000110110000010011 - 1?
10010000110110000010010
In base 16, what is -71b + -76ae7?
-77202
In base 7, what is 1311415 - 60?
1311325
In base 7, what is -1033125 + -55?
-1033213
In base 8, what is 11 + -14550746?
-14550735
In base 14, what is 2 + 1b7a6a?
1b7a6c
In base 9, what is 346 - 4567?
-4221
In base 2, what is 11111100010100101111000 - 100?
11111100010100101110100
In base 8, what is 5706 + 172546?
200454
In base 10, what is -2111 - 6748?
-8859
In base 4, what is -102232321121 - -11?
-102232321110
In base 4, what is -23201300 - -131?
-23201103
In base 12, what is 6 - 1314502?
-13144b8
In base 11, what is -5 - 667716?
-667720
In base 5, what is 231 - -12123210?
12123441
In base 15, what is 1cb4 + -235e?
-59a
In base 13, what is 1429338 - 42?
14292c6
In base 16, what is 66a72ec - -4?
66a72f0
In base 2, what is -1000010 + -10011110010011101001?
-10011110010100101011
In base 15, what is 4 - 106402b?
-1064027
In base 16, what is 4dc - 4dfd7?
-4dafb
In base 4, what is 31 + 32300022?
32300113
In base 10, what is 899 - 6220?
-5321
In base 5, what is 3213 + -1043023?
-1034310
In base 15, what is -4 - c4118e6?
-c4118ea
In base 16, what is -bc489b + 2?
-bc4899
In base 9, what is 1082502 - -15?
1082517
In base 6, what is -123451 + 3332?
-120115
In base 14, what is 26dcb7c8 - -2?
26dcb7ca
In base 10, what is 5 - 682267?
-682262
In base 9, what is 202150 - 13?
202136
In base 4, what is 3 - -221002220222?
221002220231
In base 6, what is -42 + -1023455135?
-1023455221
In base 8, what is 2 + -11410564?
-11410562
In base 10, what is -3 + -583045?
-583048
In base 9, what is 257384614 - 2?
257384612
In base 16, what is 34 + -b492b?
-b48f7
In base 15, what is -8bb7a + -6e?
-8bbe9
In base 12, what is -2662b83 - -2?
-2662b81
In base 3, what is -1 - -1110120012111020?
1110120012111012
In base 16, what is -4 - -ff127?
ff123
In base 5, what is -12 - -103113314310?
103113314243
In base 5, what is -22241130323 - 12?
-22241130340
In base 8, what is -477735 + -32?
-477767
In base 11, what is -119642 + -1a43?
-120585
In base 7, what is -5411502 + -3?
-5411505
In base 8, what is -24030162 - 26?
-24030210
In base 2, what is -11010 + 100110101010010110111110?
100110101010010110100100
In base 10, what is -1339430 - 254?
-1339684
In base 9, what is 61037 + -464?
60463
In base 6, what is 1130 + 41013035?
41014205
In base 10, what is 0 - -6604279?
6604279
In base 4, what is 13123 - -3222212?
3302001
In base 16, what is 6dff - -2946?
9745
In base 6, what is 143013430 - -1?
143013431
In base 7, what is 2522402543 - -2?
2522402545
In base 8, what is -145507 + -4467?
-152176
In base 5, what is -404124131402 - 3?
-404124131410
In base 7, what is 1364 - -15124?
16521
In base 5, what is -122322420 - -2103?
-122320312
In base 9, what is 55520 - 8643?
45766
In base 13, what is 371 - 35bc7?
-35856
In base 15, what is -4 + -1526e59?
-1526e5d
In base 4, what is -12133013220330 + 10?
-12133013220320
In base 12, what is 205 + 95aba?
96103
In base 8, what is -7366504 + -17?
-7366523
In base 11, what is -82339 - -14?
-82325
In base 12, what is -14a - 410209?
-410357
In base 6, what is 1 + -553150024?
-553150023
In base 2, what is 10000011010010101 - -11?
10000011010011000
In base 8, what is 15 + -3666063?
-3666046
In base 5, what is -1033042003 + 10?
-1033041443
In base 16, what is 3357d3 + -10?
3357c3
In base 3, what is 11021221010 + -200120?
11021020120
In base 11, what is 5935193 - -11?
59351a4
In base 8, what is 1 - -361630332?
361630333
In base 7, what is -4 - 23251263?
-23251300
In base 3, what is -22112000200112 + 1021?
-22112000122021
In base 5, what is -10244 + 442231?
431432
In base 16, what is -4 + -9d8b7?
-9d8bb
In base 13, what is -3 - -1b69165?
1b69162
In base 2, what is 1001010 + 1110010001010001?
1110010010011011
In base 13, what is b6129 - -98?
b61c4
In base 10, what is 69317023 - -3?
69317026
In base 4, what is 1110320232231 + 1033?
1110320233330
In base 16, what is 4 - -ff0002?
ff0006
In base 9, what is 0 - 28454446?
-28454446
In base 9, what is -74832 - -83?
-74738
In base 16, what is 36 - -8a4?
8da
In base 15, what is 1ab7 + -3d?
1a79
In base 4, what is -10 + -101320102310?
-101320102320
In base 15, what is -e2c336 - -3?
-e2c333
In base 10, what is -3 - 109036414?
-109036417
In base 9, what is -4 + 20171616?
20171612
In base 14, what is 20881 - 446?
20439
In base 3, what is 1012002202 + 20020?
1012022222
In base 14, what is 688dc74 - 0?
688dc74
In base 2, what is -1010101010 - 111000010011111?
-111001101001001
In base 12, what is -185 + -14b980?
-14bb45
In base 12, what is -3 - b162a?
-b1631
In base 15, what is -35 - 33ecab?
-33ece1
In base 16, what is 133 + 14c1a?
14d4d
In base 3, what is 112 + -201112110220?
-201112110101
In base 10, what is 12 - -13580724?
13580736
In base 9, what is -5 + -10412756?
-10412762
In base 10, what is 2 + -721422?
-721420
In base 3, what is 10 - -210201122110?
210201122120
In base 2, what is 1000011101000110 - 10100111011?
1000001000001011
In base 15, what is d4de5 - -47?
d4e3c
In base 11, what is 7877 + 114?
7990
In base 8, what is 34221 - -35634?
72055
In base 14, what is -182d023 - 5?
-182d028
In base 16, what is bcb214 - 3?
bcb211
In base 9, what is -4 + 3200047?
3200043
In base 14, what is -4a21b + -1?
-4a21c
In base 4, what is 2022123103322 - -121?
2022123110103
In base 16, what is -5 - 402d0c?
-402d11
In base 13, what is -20 + -4a22cb4?
-4a23004
In base 4, what is 223223220 + 22123?
223312003
In base 8, what is 5 - -7711717?
7711724
In base 12, what is 165178 + -5a7?
164791
In base 6, what is -223 - -15443335?
15443112
In base 11, what is -468792 + 43?
-46874a
In base 8, what is -17243633 + 0?
-17243633
In base 7, what is 10254035 + 333?
10254401
In base 7, what is 1422410 + -130?
1422250
In base 7, what is -4560130 - 350?
-4560510
In base 10, what is -12 - -26146?
26134
In base 8, what is -3 - -26223026?
26223023
In base 13, what is -7a1cc0 - 5?
-7a1cc5
In base 10, what is 178 - -23496?
23674
In base 5, what is -10211322 - -112220?
-10044102
In base 9, what is 2625 + 1647?
4373
In base 9, what is 68 + 437858?
438037
In base 7, what is 2 + 161354511?
161354513
In base 15, what is 5 - 43171e?
-431719
In base 15, what is ec15 + -285?
e980
In base 11, what is 5 - -2012603?
2012608
In base 8, what is 2006016 - -175?
2006213
In base 4, what is -3301 - -3232203?
3222302
In base 5, what is -243 - -1402103?
1401310
In base 6, what is -1451432223 + -5?
-1451432232
In base 10, what is -1427 + 3660?
2233
In base 10, what is -56863593 - -4?
-56863589
In base 12, what is 26a5a - -11b?
26b79
In base 10, what is 551314 + -37?
551277
In base 13, what is -a18442 + -2?
-a18444
In base 7, what is -55256 - 50461?
-136050
In base 16, what is -1641f0 - a?
-1641fa
In base 2, what is -101011000100100000111 + 100011?
-101011000100011100100
In base 13, what is a8 + -90031c?
-900244
In base 14, what is -33c478 + -35?
-33c4ad
In base 4, what is -20 + 102201300220?
102201300200
In base 10, what is -2 + 5488960?
5488958
In base 6, what is -144204454 - -5?
-144204445
In base 9, what is -260138485 + 4?
-260138481
In base 7, what is 21266414 + -153?
21266231
In base 8, what is -523726 - -47?
-523657
In base 10, what is 3 - -81156972?
81156975
In base 14, what is 101ca77 - -4?
101ca7b
In base 7, what is -1664 - 4126430?
-4131424
In base 2, what is 11010001000100100 + 1011?
11010001000101111
In base 10, what is -1 - 2578247?
-2578248
In base 16, what is 17dc - -11f1?
29cd
In base 14, what is 71437c + 3?
714381
In base 16, what is -63 + -5334f?
-533b2
In base 2, what is 1100111110 + -11011110111010000?
-11011101010010010
In base 15, what is 617d2c - 9?
617d23
In base 9, what is -2686341 + 1?
-2686340
In base 10, what is 14028428 + -18?
14028410
In base 16, what is -5 - -2ea686?
2ea681
In base 7, what is 4113 - 155012?
-150566
In base 15, what is -5 - 43d8de?
-43d8e4
In base 14, what is 19 - -15b489?
15b4a4
In base 3, what is -11210112102 - 1011?
-11210120120
In base 11, what is -32 - -235849?
235817
In base 7, what is 645204 - 156?
645015
In base 12, what is 425 - -26286?
266ab
In base 7, what is -1561 + -25353?
-30244
In base 10, what is -90 + 594967?
594877
In base 2, what is 11 - 1000011011101110110000011100?
-1000011011101110110000011001
In base 11, wh